*s = 4*n + 214, 4*n - 4*s + 212 = 0. Let u = -35 - n. What are the prime factors of u?
2
Let v(w) = 16*w**2 + 2*w. Let k(c) = 8*c**2 + c. Let m(p) = 5*k(p) - 2*v(p). List the prime factors of m(1).
3
Let p = 91 + 13. What are the prime factors of p?
2, 13
Let z(c) = -3*c**2 - 27*c + 14. Let l(b) = -b**2 - 9*b + 5. Let m(a) = 7*l(a) - 2*z(a). What are the prime factors of m(-7)?
3, 7
Let w(k) = -2*k**3 - 7*k**2 + 10*k + 15. List the prime factors of w(-6).
3, 5
Suppose -3*f - w = -0*w - 11, 3*f = -3*w + 21. Suppose 153 = a + 3*m, f*a + 5*m = 6*a - 629. List the prime factors of ((-2)/(-6))/(4/a).
13
Let w(j) = -3*j**3 + 3*j**2 - 3*j. Let d be w(2). What are the prime factors of (-418)/(-18) - (-4)/d?
23
Suppose -k - 2*k - 57 = 0. Let i = k + 33. What are the prime factors of i?
2, 7
Let j(i) = -i**2 - 5*i + 4. Let z(p) = -p + 2. Let y be z(5). Let x be 0 - (30/(-2))/y. List the prime factors of j(x).
2
Suppose 71 + 16 = -3*g. Let h = 48 + g. List the prime factors of h.
19
Let c be 12/36 + 778/6. Suppose -2*p + 7*p = c. What are the prime factors of p?
2, 13
Suppose -5*h = 15, -2*q = h - 40 - 53. List the prime factors of q.
2, 3
Suppose 5 = 2*q - 5*q - 5*t, 0 = -4*q - 3*t - 14. Let i(j) = 17*j**3 + j**2 + j. Let a be i(-1). Let v = q - a. What are the prime factors of v?
2, 3
Let z(s) = 7*s - 6. Let i be z(6). Suppose -c = -5*c + i. Suppose -c - 9 = -3*g. List the prime factors of g.
2, 3
Suppose 0 = 5*g - 4 - 21. Suppose g*m - 4 + 14 = 0. What are the prime factors of (7 - 0) + 1*m?
5
Let g be -2 + (0 + -8)*2. Let v be 237/(-27) - (-4)/g. What are the prime factors of (v/(-3))/(0 - -1)?
3
Let a be 2*(0 + 6/4). Suppose h + a*h + 38 = -p, -21 = 3*h - 3*p. List the prime factors of -1*(h - 0) - 1.
2
Suppose 3*g + 15 = -3*t, 4*g = -2*t - 0*g - 14. Let r(c) = -7*c - 6. List the prime factors of r(t).
3, 5
Let j = -385 + 565. List the prime factors of j.
2, 3, 5
Let w = 47 - 17. Suppose -5*z - 4*o + 50 = 0, 2*z - 5*z + 3*o = -w. What are the prime factors of z?
2, 5
Let l(i) = i**3 - 8*i**2 + i + 4. What are the prime factors of l(8)?
2, 3
Let m(u) = -u**3 - 2*u**2 + 6*u + 2. List the prime factors of m(-4).
2, 5
Let z be 0/(-1) - 0/(-2). Suppose z = 3*u - 5 - 7. Suppose 2*m - 2 = u. What are the prime factors of m?
3
Suppose 0 = -0*s - s + 12. Let r = s - -6. What are the prime factors of r?
2, 3
Let a = 1 + 23. List the prime factors of a.
2, 3
Let t(k) = k**2 - 5*k + 12. Let g = 8 + -2. List the prime factors of t(g).
2, 3
Let k(y) = 19*y - 4. Let z be k(-3). Let u = -28 - z. List the prime factors of 2/(-1)*u/(-6).
11
Let y = 82 + -68. List the prime factors of y.
2, 7
Suppose -5*h - 31 = -2*y, y + 7 = -3*h - 5. Suppose -2*g - y*n - 57 = 0, 5*n - 155 = -0*g + 5*g. List the prime factors of (18/(-15))/(4/g).
3
Let o = 0 - -3. Suppose 82 = o*r - 2*k + 4*k, -5*r + 124 = -3*k. List the prime factors of r.
2, 13
Let j(i) be the second derivative of -i**3/3 - i**2/2 - 3*i. Let f be j(-3). Let w = 12 - f. List the prime factors of w.
7
Suppose 5*y - 170 = -5*n, y - 4*n = 2*y - 49. What are the prime factors of y?
29
Let i(n) = 42*n**3 - n. What are the prime factors of i(1)?
41
Let c(a) = 4*a**2 + 3*a + 45. List the prime factors of c(7).
2, 131
Let a = -211 + 478. What are the prime factors of a?
3, 89
What are the prime factors of 704/14 - (-2)/(-7)?
2, 5
Suppose 3*n = b - 21, -2*n = -0*n. What are the prime factors of (b/(-4))/(1/(-4))?
3, 7
Suppose 0 = 2*l - 4*s + 6, 2*l - 2*s + 5 = 3*l. What are the prime factors of 8 + -11 - (-33 - l)?
31
Let d = 18 + 2. Suppose 0*p - p + 5*f - 15 = 0, -5*p - 4*f + 12 = 0. Suppose p*z + d = 5*z. What are the prime factors of z?
2
Suppose -a - 4 + 21 = 5*j, -5*a - 4*j + 1 = 0. Suppose 27 = -l + 4*l. Let c = a + l. What are the prime factors of c?
2, 3
Let z(o) = -o**2 - 11*o - 5. Suppose -x - 4 = -1. Let a = x - 6. What are the prime factors of z(a)?
13
Let i = 188 + -132. Suppose -v - 11 = -f - 0*f, -4*f + i = -v. What are the prime factors of f?
3, 5
List the prime factors of (-2)/(-12) - (-105)/18.
2, 3
Let b = 478 - 333. What are the prime factors of b?
5, 29
Suppose -27 = -5*p + 4*d - 1, 10 = -5*p - 5*d. Let c = 5 - p. List the prime factors of c.
3
Suppose 10 = 5*z + 5*f, z - 4*z = -2*f + 14. Let h = z - -6. List the prime factors of h.
2
Let u be 2/6 + 102/18. Let t(g) = 2*g + 1. List the prime factors of t(u).
13
Let a(q) be the second derivative of q**3/6 + 11*q**2/2 - 2*q. What are the prime factors of a(-6)?
5
Suppose -16 = 2*m - 204. What are the prime factors of m?
2, 47
Suppose 57 = m + 3*k - 4*k, m = 3*k + 53. Let q = -34 + m. List the prime factors of q.
5
Let o(l) = l + 22. What are the prime factors of o(11)?
3, 11
Let o = -2 + 4. Let f = 11 - o. List the prime factors of f.
3
Let y = 7 + -2. Suppose 25 = y*x, 2*i = 5*i + 3*x - 51. List the prime factors of i.
2, 3
Let d(y) = y**3 - 22*y**2 - 20*y + 18. What are the prime factors of d(23)?
3, 29
Let m = 30 + 0. Suppose m = 8*d - 3*d. List the prime factors of d.
2, 3
Suppose -4*x = 5*l - 3*x - 11, 0 = 3*l - 4*x - 25. Let p = -5 + l. List the prime factors of (-32)/(-10) + p/10.
3
Suppose -5*n + 11*j + 225 = 6*j, -4*n - 2*j = -174. What are the prime factors of n?
2, 11
Let n(f) = 6*f**2 + f. Let p be -4 + 9 - 2*-1. Suppose 2*g + 5*o = -p, -3*o + 5 - 13 = 5*g. What are the prime factors of n(g)?
5
Let k(d) = 9*d + 2. Suppose p + 26 = 4*f, -5*f = 4*p - 2*f + 9. Let z be k(p). Let x = -31 - z. What are the prime factors of x?
3, 7
Let q = 41 + 19. Let b = q - 21. What are the prime factors of b?
3, 13
List the prime factors of 2/(-4) + (-4184)/(-16) + 2.
263
Let x(n) = 4*n**3 - 2*n**2 - n - 2. Let t be x(2). Let o = t - 7. What are the prime factors of o?
13
Let l(p) = -p + 5. Let j be l(0). Suppose x = j*x - 64. List the prime factors of x.
2
Suppose 4*a + 0*a = -16, 0 = -3*p + 5*a - 13. Let o(s) = -s - 2. Let t(z) = 3*z + 19. Let b(i) = 2*o(i) + t(i). What are the prime factors of b(p)?
2
Suppose -5*c - 3*a + 10 + 10 = 0, 4*c = -2*a + 14. Let v = 3 - c. What are the prime factors of v?
2
Let o be 3 + 0*(-3)/9. List the prime factors of -2 - (-1 - o - 2).
2
Let n = -348 - -492. Suppose -4*d = -3*t - t - n, -2*t = 6. What are the prime factors of d?
3, 11
Let j = -7 - -18. List the prime factors of j.
11
Suppose -10 = -7*s + 2*s. Suppose 0 = n - l, -4*l + s*l = 4*n - 18. Suppose 2*i + 5 = n*i. List the prime factors of i.
5
Suppose 6*t = 10*t. Suppose t = 3*i + 3*w - 51, 3*i - 121 = -2*i + 4*w. What are the prime factors of i?
3, 7
List the prime factors of (6 + (-3)/(-2))*(-1 - -3).
3, 5
Let h(o) = -5*o + 5. What are the prime factors of h(-6)?
5, 7
Let g = 93 - 33. Suppose 0 = -3*f + f + g. List the prime factors of f.
2, 3, 5
Let t be 18/2 - (1 - -2). What are the prime factors of 1 - (1 - (t + -3))?
3
Suppose 6*r = 4*r - 16. Let g = r - -7. List the prime factors of (2 + 27/(-3))*g.
7
Let i be (-2)/6 + (-32)/(-6). Suppose -i*d - 29 + 94 = 0. List the prime factors of d.
13
Let k(g) = g**3 - 5*g**2 - 5*g + 27. List the prime factors of k(8).
179
Let l be (-5 - -7) + (1 - 29). Let v be ((-2)/(-4))/((-1)/l). Suppose -6*j + 15 = -5*j - 5*h, -3*j + v = h. What are the prime factors of j?
5
Let a(r) = -r**3 - 10*r**2 - 13*r + 2. What are the prime factors of a(-10)?
2, 3, 11
Let b = 8 + 10. List the prime factors of b.
2, 3
Suppose 4*o + 15 = 7*o. Let r = 12 - o. List the prime factors of r.
7
Let i = 8 + -5. Let f(o) = 2*o**2 - 3. List the prime factors of f(i).
3, 5
Let x be (5 - 2)*(1 + 0). Suppose 15 + 21 = x*v. What are the prime factors of v?
2, 3
Suppose -3*r = -5*r + 16. List the prime factors of r.
2
Let q = -8 + 13. Suppose -3*d + q*d + 3*s = 49, 2*d = 5*s + 73. List the prime factors of d.
29
Let z be (-72)/(-2) - (-2)/1. Suppose z = 3*g - 4. What are the prime factors of g?
2, 7
Let i(n) = 11*n**3 + 15*n**2 + 2*n - 9. Let y(b) = -5*b**3 - 7*b**2 - b + 4. Let q(l) = 4*i(l) + 9*y(l). What are the prime factors of q(-3)?
3
Let h = -92 + 132. List the prime factors of h.
2, 5
Let q = -142 - -225. Suppose -b - 71 + 0 = 3*s, 0 = -3*s + 2*b - q. Let v = s - -39. List the prime factors of v.
2, 7
Let n be 1146/36 + 1/6. Let j = 46 - n. List the prime factors of j.
2, 7
Suppose 3*c - 121 = -0*c - a, 0 = -5*c - 3*a + 199. List the prime factor